{"id":267,"date":"2019-06-30T09:37:02","date_gmt":"2019-06-30T07:37:02","guid":{"rendered":"http:\/\/univoix.fr\/index.php\/one-page-express\/"},"modified":"2021-03-27T14:01:28","modified_gmt":"2021-03-27T13:01:28","slug":"one-page-express","status":"publish","type":"page","link":"https:\/\/univoix.fr\/","title":{"rendered":"Front Page"},"content":{"rendered":"\n<p style=\"color:#ffffff;font-size:24px\" class=\"has-text-color has-background has-text-align-center has-vivid-red-background-color\">\u00caTRE SOI <strong>&#8230; <\/strong>Osez<strong> Exister<\/strong> et vous <strong>d\u00e9marquer<\/strong> !<\/p>\n\n\n\n<hr class=\"wp-block-separator\"\/>\n\n\n\n<div class=\"wp-block-media-text alignwide has-background has-very-light-gray-background-color\"><figure class=\"wp-block-media-text__media\"><img loading=\"lazy\" decoding=\"async\" width=\"1024\" height=\"682\" src=\"http:\/\/univoix.fr\/wp-content\/uploads\/2020\/05\/microphone-2775447_1280-copie-3-1024x682.jpg\" alt=\"\" class=\"wp-image-1306\" srcset=\"https:\/\/univoix.fr\/wp-content\/uploads\/2020\/05\/microphone-2775447_1280-copie-3-1024x682.jpg 1024w, https:\/\/univoix.fr\/wp-content\/uploads\/2020\/05\/microphone-2775447_1280-copie-3-300x200.jpg 300w, https:\/\/univoix.fr\/wp-content\/uploads\/2020\/05\/microphone-2775447_1280-copie-3-768x512.jpg 768w, https:\/\/univoix.fr\/wp-content\/uploads\/2020\/05\/microphone-2775447_1280-copie-3-1140x760.jpg 1140w, https:\/\/univoix.fr\/wp-content\/uploads\/2020\/05\/microphone-2775447_1280-copie-3-570x380.jpg 570w, https:\/\/univoix.fr\/wp-content\/uploads\/2020\/05\/microphone-2775447_1280-copie-3-380x254.jpg 380w, https:\/\/univoix.fr\/wp-content\/uploads\/2020\/05\/microphone-2775447_1280-copie-3-285x190.jpg 285w, https:\/\/univoix.fr\/wp-content\/uploads\/2020\/05\/microphone-2775447_1280-copie-3-272x182.jpg 272w, https:\/\/univoix.fr\/wp-content\/uploads\/2020\/05\/microphone-2775447_1280-copie-3.jpg 1280w\" sizes=\"auto, (max-width: 1024px) 100vw, 1024px\" \/><\/figure><div class=\"wp-block-media-text__content\">\n<h2 class=\"wp-block-heading\"><strong>Prise de parole<\/strong> <strong>et expression de Soi<\/strong><\/h2>\n\n\n\n<p class=\"has-text-color has-medium-font-size has-very-dark-gray-color\">Savoir <strong>prendre la parole<\/strong> est aujourd&#8217;hui une <strong>comp\u00e9tence essentielle<\/strong>, que ce soit soit \u00e0 travers votre vie personnelle ou professionnelle. Vous souhaitez vous <strong>exprimer avec confiance<\/strong>, de mani\u00e8re charismatique et <strong>impactante<\/strong> ?<\/p>\n\n\n\n<p class=\"has-background has-text-align-center has-medium-font-size has-very-light-gray-background-color\"><a href=\"http:\/\/univoix.fr\/index.php\/prise-de-parole-en-public\/\" target=\"_blank\" rel=\"noreferrer noopener\">EN SAVOIR PLUS<\/a><\/p>\n<\/div><\/div>\n\n\n\n<hr class=\"wp-block-separator\"\/>\n\n\n\n<p class=\"has-text-color has-background has-medium-font-size has-vivid-red-color has-very-light-gray-background-color\"><em>&#8220;Mon r\u00f4le est de trouver ce qui fait votre valeur, ce qui vous distingue des autres&#8230; et faire en sorte que ce qui est \u00e0 l&#8217;int\u00e9rieur se r\u00e9v\u00e8le et se per\u00e7oive \u00e0 l&#8217;ext\u00e9rieur&#8221; Claire L.<\/em><\/p>\n\n\n\n<hr class=\"wp-block-separator\"\/>\n\n\n\n<figure class=\"wp-block-embed-youtube alignright wp-block-embed is-type-video is-provider-youtube wp-embed-aspect-16-9 wp-has-aspect-ratio\"><div class=\"wp-block-embed__wrapper\">\n<iframe loading=\"lazy\" title=\"Formation - Coaching - Audit\" width=\"960\" height=\"540\" src=\"https:\/\/www.youtube.com\/embed\/CgI1GBLuLE0?feature=oembed\" frameborder=\"0\" allow=\"accelerometer; autoplay; encrypted-media; gyroscope; picture-in-picture\" allowfullscreen><\/iframe>\n<\/div><\/figure>\n\n\n\n<div class=\"wp-block-media-text alignwide has-background has-very-light-gray-background-color\"><figure class=\"wp-block-media-text__media\"><img loading=\"lazy\" decoding=\"async\" width=\"1024\" height=\"682\" src=\"http:\/\/univoix.fr\/wp-content\/uploads\/2019\/09\/workspace-766045_1280-1024x682.jpg\" alt=\"\" class=\"wp-image-950\" srcset=\"https:\/\/univoix.fr\/wp-content\/uploads\/2019\/09\/workspace-766045_1280-1024x682.jpg 1024w, https:\/\/univoix.fr\/wp-content\/uploads\/2019\/09\/workspace-766045_1280-300x200.jpg 300w, https:\/\/univoix.fr\/wp-content\/uploads\/2019\/09\/workspace-766045_1280-768x512.jpg 768w, https:\/\/univoix.fr\/wp-content\/uploads\/2019\/09\/workspace-766045_1280-1140x760.jpg 1140w, https:\/\/univoix.fr\/wp-content\/uploads\/2019\/09\/workspace-766045_1280-570x380.jpg 570w, https:\/\/univoix.fr\/wp-content\/uploads\/2019\/09\/workspace-766045_1280-380x254.jpg 380w, https:\/\/univoix.fr\/wp-content\/uploads\/2019\/09\/workspace-766045_1280-285x190.jpg 285w, https:\/\/univoix.fr\/wp-content\/uploads\/2019\/09\/workspace-766045_1280-272x182.jpg 272w, https:\/\/univoix.fr\/wp-content\/uploads\/2019\/09\/workspace-766045_1280.jpg 1280w\" sizes=\"auto, (max-width: 1024px) 100vw, 1024px\" \/><\/figure><div class=\"wp-block-media-text__content\">\n<p class=\"has-text-color has-text-align-center has-medium-font-size has-very-dark-gray-color\">Interviention aupr\u00e8s des <strong>organisations  <\/strong>et des <strong>particuliers<\/strong><\/p>\n<\/div><\/div>\n\n\n\n<hr class=\"wp-block-separator\"\/>\n","protected":false},"excerpt":{"rendered":"<p>\u00caTRE SOI &#8230; Osez Exister et vous d\u00e9marquer ! Prise de parole et expression de Soi Savoir prendre la parole est aujourd&#8217;hui une comp\u00e9tence essentielle, que ce soit soit \u00e0 travers votre vie personnelle ou professionnelle. Vous souhaitez vous exprimer avec confiance, de mani\u00e8re charismatique et impactante ? EN SAVOIR PLUS &#8220;Mon r\u00f4le est de<\/p>\n<p><a href=\"https:\/\/univoix.fr\/\" class=\"more-link themebutton\">Read More<\/a><\/p>\n","protected":false},"author":1,"featured_media":0,"parent":0,"menu_order":0,"comment_status":"closed","ping_status":"closed","template":"","meta":{"footnotes":""},"class_list":["post-267","page","type-page","status-publish","hentry"],"_links":{"self":[{"href":"https:\/\/univoix.fr\/index.php\/wp-json\/wp\/v2\/pages\/267","targetHints":{"allow":["GET"]}}],"collection":[{"href":"https:\/\/univoix.fr\/index.php\/wp-json\/wp\/v2\/pages"}],"about":[{"href":"https:\/\/univoix.fr\/index.php\/wp-json\/wp\/v2\/types\/page"}],"author":[{"embeddable":true,"href":"https:\/\/univoix.fr\/index.php\/wp-json\/wp\/v2\/users\/1"}],"replies":[{"embeddable":true,"href":"https:\/\/univoix.fr\/index.php\/wp-json\/wp\/v2\/comments?post=267"}],"version-history":[{"count":67,"href":"https:\/\/univoix.fr\/index.php\/wp-json\/wp\/v2\/pages\/267\/revisions"}],"predecessor-version":[{"id":1584,"href":"https:\/\/univoix.fr\/index.php\/wp-json\/wp\/v2\/pages\/267\/revisions\/1584"}],"wp:attachment":[{"href":"https:\/\/univoix.fr\/index.php\/wp-json\/wp\/v2\/media?parent=267"}],"curies":[{"name":"wp","href":"https:\/\/api.w.org\/{rel}","templated":true}]}}